he hundreds digit of 970?
9
What is the hundreds digit of 438?
4
What is the units digit of 93620?
0
What is the tens digit of 826?
2
What is the hundreds digit of 12109?
1
What is the thousands digit of 34984?
4
What is the thousands digit of 2628?
2
What is the units digit of 1265?
5
What is the tens digit of 80?
8
What is the thousands digit of 72401?
2
What is the tens digit of 1742?
4
What is the units digit of 5008?
8
What is the thousands digit of 2908?
2
What is the tens digit of 94523?
2
What is the units digit of 67352?
2
What is the tens digit of 105157?
5
What is the units digit of 8304?
4
What is the units digit of 93396?
6
What is the units digit of 2484?
4
What is the hundreds digit of 6984?
9
What is the thousands digit of 120445?
0
What is the hundreds digit of 240?
2
What is the tens digit of 385?
8
What is the units digit of 13116?
6
What is the ten thousands digit of 16421?
1
What is the hundred thousands digit of 101172?
1
What is the hundreds digit of 2446?
4
What is the hundreds digit of 314?
3
What is the thousands digit of 1278?
1
What is the hundreds digit of 3357?
3
What is the ten thousands digit of 18607?
1
What is the hundreds digit of 93865?
8
What is the units digit of 17286?
6
What is the ten thousands digit of 25311?
2
What is the ten thousands digit of 13002?
1
What is the ten thousands digit of 31847?
3
What is the hundreds digit of 4421?
4
What is the units digit of 1996?
6
What is the thousands digit of 7878?
7
What is the tens digit of 2087?
8
What is the ten thousands digit of 74034?
7
What is the units digit of 1944?
4
What is the tens digit of 20975?
7
What is the tens digit of 27916?
1
What is the thousands digit of 17016?
7
What is the units digit of 1259?
9
What is the units digit of 835?
5
What is the thousands digit of 7328?
7
What is the tens digit of 16963?
6
What is the hundreds digit of 3009?
0
What is the hundred thousands digit of 159987?
1
What is the units digit of 34606?
6
What is the thousands digit of 3232?
3
What is the units digit of 1642?
2
What is the thousands digit of 16753?
6
What is the thousands digit of 23503?
3
What is the hundreds digit of 4514?
5
What is the tens digit of 1409?
0
What is the hundreds digit of 71243?
2
What is the tens digit of 114?
1
What is the hundreds digit of 72661?
6
What is the hundreds digit of 2476?
4
What is the hundreds digit of 1379?
3
What is the hundreds digit of 2564?
5
What is the units digit of 14925?
5
What is the hundreds digit of 8265?
2
What is the thousands digit of 4972?
4
What is the units digit of 17259?
9
What is the hundreds digit of 38068?
0
What is the hundreds digit of 170745?
7
What is the ten thousands digit of 186486?
8
What is the units digit of 135847?
7
What is the ten thousands digit of 17388?
1
What is the hundreds digit of 11634?
6
What is the thousands digit of 32251?
2
What is the tens digit of 10904?
0
What is the ten thousands digit of 10311?
1
What is the tens digit of 16416?
1
What is the tens digit of 12288?
8
What is the ten thousands digit of 123257?
2
What is the thousands digit of 100920?
0
What is the units digit of 2617?
7
What is the tens digit of 51810?
1
What is the hundreds digit of 38611?
6
What is the thousands digit of 15134?
5
What is the thousands digit of 5369?
5
What is the tens digit of 177?
7
What is the units digit of 1337?
7
What is the thousands digit of 24298?
4
What is the hundreds digit of 3973?
9
What is the thousands digit of 23779?
3
What is the thousands digit of 13757?
3
What is the units digit of 746?
6
What is the units digit of 36213?
3
What is the ten thousands digit of 12860?
1
What is the units digit of 1665?
5
What is the thousands digit of 1516?
1
What is the thousands digit of 26605?
6
What is the hundred thousands digit of 119971?
1
What is the thousands digit of 4611?
4
What is the units digit of 7822?
2
What is the units digit of 1053?
3
What is the tens digit of 524?
2
What is the tens digit of 242?
4
What is the tens digit of 4912?
1
What is the hundreds digit of 1841?
8
What is the tens digit of 71362?
6
What is the hundreds digit of 11150?
1
What is the units digit of 5227?
7
What is the hundreds digit of 24734?
7
What is the tens digit of 7357?
5
What is the tens digit of 26265?
6
What is the ten thousands digit of 15101?
1
What is the units digit of 36736?
6
What is the units digit of 396?
6
What is the units digit of 33182?
2
What is the units digit of 81?
1
What is the tens digit of 18142?
4
What is the tens digit of 811?
1
What is the tens digit of 1129?
2
What is the hundreds digit of 10975?
9
What is the units digit of 888?
8
What is the ten thousands digit of 21031?
2
What is the thousands digit of 2900?
2
What is the ten thousands digit of 17034?
1
What is the tens digit of 2743?
4
What is the hundreds digit of 1420?
4
What is the hundreds digit of 336?
3
What is the hundreds digit of 2142?
1
What is the tens digit of 8786?
8
What is the tens digit of 6167?
6
What is the tens digit of 122871?
7
What is the hundreds digit of 3964?
9
What is the hundreds digit of 14564?
5
What is the units digit of 190?
0
What is the hundreds digit of 1799?
7
What is the units digit of 6269?
9
What is the units digit of 22953?
3
What is the thousands digit of 5203?
5
What is the tens digit of 7055?
5
What is the hundreds digit of 1936?
9
What is the units digit of 357?
7
What is the units digit of 4272?
2
What is the thousands digit of 17340?
7
What is the units digit of 29782?
2
What is the hundreds digit of 135460?
4
What is the units digit of 92?
2
What is the tens digit of 5996?
9
What is the tens digit of 20699?
9
What is the tens digit of 12470?
7
What is the thousands digit of 9195?
9
What is the hundreds digit of 6957?
9
What is the tens digit of 60417?
1
What is the hundreds digit of 19486?
4
What is the units digit of 923?
3
What is the hundreds digit of 132?
1
What is the units digit of 617?
7
What is the tens digit of 10774?
7
What is the hundreds digit of 13223?
2
What is the units digit of 1725?
5
What is the thousands digit of 1362?
1
What is the hundreds digit of 5387?
3
What is the thousands digit of 1247?
1
What is the units digit of 33565?
5
What is the tens digit of 27417?
1
What is the units digit of 77?
7
What is the thousands digit of 1873?
1
What is the tens digit of 2333?
3
What is the thousands digit of 12100?
2
What is the units digit of 29?
9
What is the ten thousands digit of 10923?
1
What is the ten thousands digit of 30099?
3
What is the hundreds digit of 3603?
6
What is the hundreds digit of 625?
6
What is the tens digit of 2122?
2
What is the thousands digit of 1017?
1
What is the hundreds digit of 1687?
6
What is the units digit of 2697?
7
What is the hundreds digit of 1179?
1
What is the units digit of 5245?
5
What is the units digit of 984?
4
What is the tens digit of 5734?
3
What is the hundreds digit of 1362?
3
What is the hundreds digit of 17519?
5
What is the units digit of 18035?
5
What is the units digit of 75842?
2
What is the thousands digit of 12545?
2
What is the tens digit of 35818?
1
What is the tens digit of 88652?
5
What is the thousands digit of 2426?
2
What is the ten thousands digit of 18631?
1
What is the ten thousands digit of 58126?
5
What is the ten thousands digit of 16207?
1
What is the tens digit of 130334?
3
What is the hundreds digit of 22764?
7
What is the ten thousands digit of 24845?
2
What is the thousands digit of 14542?
4
What is the hundreds digit of 617?
6
What is the thousands digit of 13991?
3
What is the tens digit of 3864?
6
What is the units digit of 43584?
4
What is the hundreds digit of 1307?
3
What is the tens digit of 2402?
0
What is the units digit of 12225?
5
What is the thousands digit of 2089?
2
What is the thousands digit of 1757?
1
What is the hundreds digit of 89929?
9
What is the units digit of 1064?
4
What is the tens digit of 848?
4
What is the ten thousands digit of 77359?
7
What is the hundreds digit of 59061?
0
What is the thousands digit of 4045?
4
What is the units digit of 843?
3
What is the tens digit of 15607?
0
What is the ten thousands digit of 46302?
4
What is the thousands digit of 10504?
0
What is the tens digit of 1462?
6
What is the tens digit of 98?
9
What is the tens d